- -2. Suppose -h + 10 = f*p, -5*p + 4*h = 5*h - 22. What is the units digit of p?
4
Let f = 21 + -14. What is the units digit of f?
7
Suppose -w = -2*g + 38, 7*w - 2*w = 10. Let v be 0 - -3*g/(-3). Let p = -14 - v. What is the units digit of p?
6
Let n = 18 + -12. Suppose 0*z + 2*z = n. Suppose -74 = -z*m - 5*c, 2*m = m - 5*c + 38. What is the units digit of m?
8
Let c be 2*(1 - 4/(-2)). Let q(v) = v**3 - 5*v**2 - 6*v + 7. What is the units digit of q(c)?
7
Suppose 5 = 2*c - 1. Suppose c*g = 5*g. Suppose -5*v = -g*v - 5. What is the units digit of v?
1
Let m(y) = 10*y + 5. What is the tens digit of m(4)?
4
Suppose 3*w - 25 = 161. What is the tens digit of w?
6
Let h(g) be the third derivative of -g**4/24 + 4*g**3/3 - 3*g**2. What is the units digit of h(4)?
4
What is the tens digit of (-21 - -23)/(4/262)?
3
Let b be (5/3 - 0)*3. Suppose -4*i = b*d - 97, 3*i - 3*d - 8 - 58 = 0. What is the units digit of i?
3
Suppose 0 = -3*d + 232 + 119. What is the hundreds digit of d?
1
Let i be ((-6)/5)/(2/5). What is the tens digit of (i + 78)*(-4)/(-6)?
5
Let n = -37 - -21. Let y = 0 - n. What is the units digit of y?
6
Let a = 6 + 26. What is the tens digit of a?
3
Suppose 5*b = 13 - 3. Suppose -28 = -b*l - 0. What is the units digit of l?
4
Suppose -4*b - 6 + 2 = -2*c, 9 = -3*b. Suppose 2*o = 3*k - 64, 5*o - o = -k - 2. What is the units digit of c/k + (-20)/(-9)?
2
What is the tens digit of (-409)/(-11) - (-4 + 138/33)?
3
Suppose 7*q - 3*q - 992 = 0. What is the units digit of q?
8
Let a be (6/(-4))/(3/18). Let s be ((-14)/(-6))/((-3)/a). What is the units digit of -1 - s/((-7)/10)?
9
Let u be (15/6)/(6/12). Suppose 2*n - u*o - 22 = n, -n = -3*o - 30. What is the tens digit of n?
4
Suppose y - 2 = -0*y. Suppose 2*k - 15 = 5*s - 2*k, 5*k - 23 = y*s. Suppose 2*l = 5*d - s - 49, 5*d + 3*l = 25. What is the units digit of d?
8
Suppose -6*v + 0*v = -90. What is the tens digit of v?
1
Let p = 7 + -4. Suppose 2*k + 20 = -p*k. Let q(i) = i**3 + 4*i**2 + 1. What is the units digit of q(k)?
1
Suppose -41 = -5*r - 11. What is the units digit of r?
6
Let y = 14 - 31. Let x = 8 + -16. Let m = x - y. What is the units digit of m?
9
Let t(b) = 12*b**3 - b**2. Let z be t(1). Suppose z = 5*d - 9. Suppose 0 = -5*a + d*a + 7. What is the units digit of a?
7
Suppose m = -3*z + 8*z - 19, 4*m + 31 = 5*z. Let b(c) = c**3 + 5*c**2 - c + 2. What is the tens digit of b(m)?
2
Suppose 9 - 3 = 3*g. Suppose v - 43 = -4*n, g*v + 2*v = -3*n + 146. What is the tens digit of v?
3
Suppose 0 = -c + 3*w + 3, -3*w - 2*w = c + 5. Suppose -2 = -m - c*m. What is the units digit of m?
2
Suppose 6 = 6*j - 4*j. What is the units digit of j?
3
Let n be (-3 - -3) + 1*8. Let g = n + -14. Let i(z) = z**3 + 6*z**2 - 2*z. What is the tens digit of i(g)?
1
Suppose 2*w = -v + 204, 0 = w - 0*w + 4*v - 109. What is the hundreds digit of w?
1
Suppose 0*x + 3*x + 9 = 0. Let m(y) = y + 4. Let a be m(-7). What is the units digit of x/(-9) - 2/a?
1
Let f = 7 - 9. Let l(c) = -9*c - 3. What is the units digit of l(f)?
5
Suppose 3*o = -0*o + h - 24, o + 3*h + 18 = 0. Let j = -3 - o. Suppose -j*q + 21 = -3*q. What is the units digit of q?
7
Let d(l) = 4*l**3 + 2*l**2 + 3*l - 4. What is the tens digit of d(2)?
4
Let i = 120 + 69. What is the tens digit of i?
8
Let q(y) = y**3 - 5*y**2 - 5*y - 6. Let h be q(6). Suppose 0 = -o + 3, h*k + 5*o + 27 = 3*k. What is the tens digit of k?
1
Let s = 8 + -6. Suppose -s*i = -6*i + 4*o + 20, 4*o = 2*i - 2. What is the units digit of i?
9
Let o(t) = -2*t - 26. Let b be o(-11). Let p = -4 + 22. What is the units digit of (-65)/(-9) + b/p?
7
Suppose -84 - 126 = -7*k. What is the units digit of k?
0
Suppose -5*d + 3*d - 6 = 0. What is the units digit of 14 + d/6*0?
4
Suppose 0 = -2*v + 5*v - 30. What is the units digit of v?
0
Let s(r) = -r**2 - r + 2. Let p be s(0). Suppose 3*b + p = 4*b. Suppose -2 = h - b*h. What is the units digit of h?
2
Let l = -7 + 4. Let t(q) = -q**3 - 2*q**2 + q - 3. Let p be t(l). What is the units digit of (-2)/(-2)*(p + 10)?
3
Suppose 9 = 3*s + 24. Let d(k) be the first derivative of -3*k**2/2 - 7*k - 1. What is the units digit of d(s)?
8
Let k be ((-6)/4)/((-12)/32). Suppose -2*b - 12 = -k*b. What is the units digit of b?
6
What is the units digit of (-118)/(-3)*12/8?
9
What is the tens digit of 85 + (0 + 2)*-1?
8
Let n = 5 + -7. What is the units digit of ((-6)/(-2))/(n/(-8))?
2
Let q(v) = v - 4. Let k be q(8). Suppose -4*c = -k, -b - 3*b - 12 = -4*c. What is the units digit of 12 - -3 - 2/b?
6
Let j be 7/21 + (-58)/(-6). Let i = 4 + j. What is the tens digit of i?
1
Let o(m) be the second derivative of -m**5/20 - m**4/6 + 2*m**3/3 + 2*m**2 + m. Let u = -3 - 0. What is the units digit of o(u)?
1
Let s(z) = 2*z - 20. What is the tens digit of s(18)?
1
Suppose 13 = 5*a - 172. What is the units digit of a?
7
Suppose 0 = -3*y - z + 2*z - 41, y + 19 = -5*z. Let c = y + 26. What is the units digit of c?
2
Suppose -3*v + 4*v = 3. What is the units digit of (v/1)/(2/2)?
3
Let c(l) be the third derivative of l**7/5040 + l**6/72 - l**5/60 - 2*l**2. Let w(k) be the third derivative of c(k). What is the units digit of w(-7)?
3
Let v(j) = -7 - 3 + 11 + 40*j**2. What is the units digit of v(1)?
1
Suppose 0 = -5*b + 5*s - 25, -2*b - 3*s + 8 = s. Let l be 7/(-14) - 5/b. What is the tens digit of 175/15 - l/(-6)?
1
Suppose -7*t + 58 = -6*t. What is the tens digit of t?
5
Let f(o) = 2*o**2 - 4*o - 13. What is the tens digit of f(7)?
5
Let t(r) = 3*r**2 - 2*r - 3. Let j be t(3). Suppose 5*v + j = 2*y - 17, -4*v = 5*y - 38. What is the units digit of y?
0
Suppose -3*z + 159 = -30. What is the units digit of z?
3
Let n(c) = -2*c**3 - 2*c**2 - 4*c - 4. What is the tens digit of n(-3)?
4
What is the tens digit of (4*3/(-18))/(2/(-168))?
5
Let b = -241 - -343. What is the units digit of b?
2
Suppose 0 = -3*n + 2*v + 107, -n = -v + 19 - 55. What is the tens digit of n?
3
Let s = -6 - -8. What is the units digit of s/5 - 24/(-40)?
1
Let r(a) = a**2 - 4*a - 12. What is the units digit of r(8)?
0
Suppose 4*d - r + 0*r - 12 = 0, 0 = 3*d - 3*r. Suppose 6*s - d*s = 18. What is the units digit of s?
9
Let o(i) = -i - 3. Let x = 12 + -17. Let w(l) = -l**2 - 5*l - 5. Let k be w(x). What is the units digit of o(k)?
2
Suppose 5*f - 680 = 2*y - 7*y, 5*f = -4*y + 678. Let d = 86 - f. What is the units digit of (d/9)/(2/(-6))?
6
Suppose 36 = 2*w + 4*k, 4*w - 116 = 4*k - k. What is the tens digit of w?
2
Let v(b) = -2 - b - b + 3*b. Suppose -3*j = -4*f - 15, j = 3*j - 4*f - 10. What is the units digit of v(j)?
3
Let p(l) = l**3 - 6*l**2 - 13*l + 16. What is the tens digit of p(8)?
4
Suppose -7*s = -240 - 299. What is the units digit of s?
7
Let q = 5 - 8. Let c be (3 - (q - 3)) + 0. Suppose -4*j - 60 = -c*j. What is the units digit of j?
2
Let m = -3 + 6. Let z(n) = 4 - 3 + 2 + 2*n. What is the units digit of z(m)?
9
Let s = 1 - 2. Let d be (1 - s)/((-4)/(-22)). Let l = 18 - d. What is the units digit of l?
7
Let o(u) = 7*u - 2. Let r be o(2). Suppose 3*s + 0*s = r. Suppose 0 = s*h - 4. What is the units digit of h?
1
Let x(h) = h**3 + 5*h**2 + 2*h + 6. Let l be x(-4). Let u be 12/l*(7 - 0). Suppose -u*r = -2*r - 32. What is the units digit of r?
8
Let h(q) = q**3 - q**2 - 5*q - 2. Let l be h(3). Let m(r) = 8*r + 2. What is the units digit of m(l)?
0
Suppose 9*l - 12*l = -63. What is the units digit of l?
1
Suppose o - 55 = -5*l, 2*o + l - 5*l - 54 = 0. What is the units digit of o?
5
Suppose 2*c + 2*y - 11 = -y, 2*c + 4*y - 12 = 0. Suppose c*j = 5*j - 5. Suppose -j*r + 70 - 15 = 0. What is the tens digit of r?
1
Let u = 81 + -18. What is the units digit of u?
3
What is the hundreds digit of (1 - (0 + -2))*71 - 2?
2
Let o(t) be the first derivative of -t**2/2 - 6*t + 2. Let h be o(-9). Suppose -7*n + 2*n - 3*s = 5, n = -s - h. What is the units digit of n?
2
Let d(s) be the third derivative of -s**6/120 + s**4/24 + s**3 - 3*s**2. What is the units digit of d(0)?
6
Let r(b) = b**2 + 8*b - 8. Let y be r(-7). Let g = y + 9. What is the units digit of 1/(-1 + 2) - g?
7
Let h = 22 + -22. Suppose h*j = -5*j + 145. What is the units digit of j?
9
Suppose 2*m = -0*m + 8. Suppose -3*i + 8*y = 3*y - 16, m*y = -5*i + 76. What is the units digit of i?
2
Let b(d) = 4*d**2 - 5 + 2*d + 1 - d**3 + 0*d